?
0
Suppose 69 = -5*a - 2*r + 104, -a - r = -7. Suppose 0*o - 10 = -2*o. Let h(f) = -f - 3*f - 12 + o*f + 2. Calculate h(a).
-3
Suppose -3*x + 223 = 3*z - 242, 0 = -3*z - x + 455. Suppose 21*q = -9*q - z. Let t(b) = b**2 + 3*b - 1. Give t(q).
9
Let t be ((-20)/(-6))/2*162/90. Let j(o) = 29*o - 35. Give j(t).
52
Let l(d) be the second derivative of d**5/20 - 7*d**4/12 - d**3/3 + 3*d**2 - d. Let k = 875 + -850. Suppose k*p + 56 = 231. Calculate l(p).
-8
Let w(c) = c**3 + 7*c**2 - 18*c + 5. Suppose -117*y - 419 = 401 + 233. Determine w(y).
5
Let g be (-231)/(-12) + -4 + (-60)/(-16). Suppose -41 = g*r - 20*r. Let p(h) = 17*h**2 + 5*h + 23*h**2 - r*h**2. Determine p(5).
0
Let h = 29192 - 29190. Let p(r) = -2*r + 6*r + 9*r. What is p(h)?
26
Let g(c) = c**3 - 9*c**2 + 16*c - 10. Let d be g(7). Let i(b) = 3 + 4 - 3 + d*b - 3*b. Suppose -13*n + 1 - 40 = 0. Calculate i(n).
1
Let r(d) = -7*d**3 - 18*d**2 - 20*d - 4. Let n(i) = 11*i**3 + 28*i**2 + 33*i + 6. Let z(m) = -5*n(m) - 8*r(m). Calculate z(-5).
2
Let a(l) = -l**2 + 5. Let m = 489 - 484. Suppose -4*p = m*x - 38, -x - 4*p + 32 = 3*x. Determine a(x).
-31
Let i(v) = -31*v**3 - 190*v**2 + 42*v - 37. Let x(w) = -5*w**3 - 31*w**2 + 7*w - 6. Let o(h) = -6*i(h) + 37*x(h). What is o(7)?
49
Let i = 19 + -16. Suppose -6 = -10*y + 9*y - 3*m, -i*m = -5*y - 6. Let t(c) = c**2 + 9. Give t(y).
9
Let f(r) be the third derivative of 5*r**4/24 - 50*r**3/3 + 110*r**2. Let y be f(20). Let v(l) = l**2 - 7. Calculate v(y).
-7
Let h(j) = 17 + 13 - 31 + 9 - j - 2. Give h(4).
2
Let a(j) be the first derivative of 5*j**2 + 6*j + 149. Let k(p) = 7*p + 4. Let w(g) = 5*a(g) - 7*k(g). Suppose 0 = -0*h + h. Calculate w(h).
2
Let o = -30 - -38. Let j(m) = m**2 - 12*m + 17. Determine j(o).
-15
Let k(z) = 2*z - 8. Let a be k(8). Let n(v) = a*v + v**3 + 3 - 10 + 4 - 6*v**2. Let b be n(3). Let p(g) = g**3 + 7*g**2 + 6*g + 9. Calculate p(b).
9
Let p be 2/(-3) - (-500)/(-150) - (0 - 2). Suppose 2*z = 2 + 2. Let l(x) = 1 + 0 - x**z - x - x. Determine l(p).
1
Suppose 29*z = 51*z - 21*z. Let a(l) be the second derivative of 1/3*l**3 + l + 0 + z*l**2 - 1/12*l**4. Determine a(5).
-15
Let f(t) = -6*t**2 - 22*t - 32. Let p(g) = -g**2 + 1. Let b(d) = f(d) - 8*p(d). What is b(12)?
-16
Let m(l) = l**3 - 9*l**2 + 6*l + 14. Suppose -1305*n + 1291*n + 92 + 6 = 0. What is m(n)?
-42
Let y(v) = -v**2 - 9*v - 3. Suppose 0 = 12*h + 8*h - 60. Suppose 0 = -5*d + 10, 3*l - h*d + 24 = -6. Give y(l).
5
Let s(m) = -4*m**2 - 2*m - 1. Let b(n) be the second derivative of -41*n**3/6 + 203*n**2/2 + 2*n + 149. Let a be b(5). Determine s(a).
-13
Let w(n) = -n**3 - 12*n**2 + 11*n - 17. Let y be w(-13). Let l(p) = -14*p - y*p**2 + 10*p - 5*p + p**3 - 5. Calculate l(10).
5
Suppose 0 = 5*r - 8 - 37. Let i(g) = 10*g**2 - 127 - g**2 + 245 - 129 - g**3 + g. Calculate i(r).
-2
Suppose -3*n + 2*f = -0*f, 4*n - 4*f + 4 = 0. Suppose 25 - 15 = n*l. Let u(s) = 1 + 3*s - 2*s + 6 + 0*s. Determine u(l).
12
Let j = -93 - -72. Let y be ((-6)/(-9))/((-7)/j). Suppose -y*c - 40 = 3*c - 5*a, -2*c - 4*a = 16. Let k(n) = n**3 + 9*n**2 + 8*n - 5. Calculate k(c).
-5
Let v(s) = -s**2 + 4*s + 7. Let q = -118 + 121. Let o be 2/(((-6)/(-8))/q) + -1. Give v(o).
-14
Let r(v) = 4*v - 29. Let a be r(14). Suppose -a = -2*s - 39. Let h(l) = 0*l**2 - 3*l**2 - 4*l + 2*l**2 - 8 - 5*l. Give h(s).
10
Let u(i) = i**3 - 3*i**2 + i - 1. Let q = 7 + -4. Let h be 8/28 + 13/((-364)/8). Suppose 2*a = 3*a + j - 8, h = -q*j + 15. Calculate u(a).
2
Let c(j) = j**2 + 4*j + 3. Let z(o) = o**3 + 6*o**2 + 11*o + 4. Suppose -2*q = -5 - 7. Suppose 3 = g + q. Let i be z(g). Calculate c(i).
-1
Let w(o) be the third derivative of -o**5/30 - 9*o**4/8 + 71*o**3/6 - 1015*o**2. Determine w(-16).
-9
Let s(f) = -5*f - 1. Let q(c) be the second derivative of c**3/6 + c**2/2 + 6*c + 16. Let w be q(4). Calculate s(w).
-26
Let a(x) = x**2 + 10. Let r = 11 - 41. Let m = -23 - r. Suppose 0 = 5*s - m*s. Calculate a(s).
10
Let c(i) = i**2 + 2*i - 3. Let g(x) = -128*x - 133. Let j be g(-7). Let h = j + -768. Give c(h).
12
Let h(u) be the first derivative of 10*u**3/3 - 7*u**2/2 + 2*u - 8220. Determine h(1).
5
Let w(h) = -h**3 - 11*h**2 - 2*h - 3. Let i(g) = -g**2 + 116*g - 1600. Let c be i(16). What is w(c)?
-3
Let j(i) = -i**3 + i**2 + 2. Let n = 267 + -262. Suppose 4 = f, -3*f = n*q - 8 - 19. Give j(q).
-16
Let l(s) = -12*s**2 + 6*s + 58. Let g(v) = 18*v**2 - 11*v - 98. Let y(x) = 3*g(x) + 5*l(x). Give y(0).
-4
Let b be ((-20)/(-12))/((-140)/(-24) + -5). Let l(y) = -3*y**2 + 6*y + 1. Let w(f) = -f**2 + 3*f. Let a(p) = 2*l(p) - 5*w(p). Calculate a(b).
-8
Let u be (8*((-207)/(-24) + -8) - 9) + 4. Let x(s) = 132*s + 6. Give x(u).
6
Let s(a) be the first derivative of 2*a**3/3 - 2*a**2 + 39*a - 53. Let j(x) be the first derivative of s(x). Give j(-6).
-28
Let i(q) = 3*q + 36. Let j be (6/(-63) - 8/14)*414/12. Calculate i(j).
-33
Let z(h) = h**2 + 7*h - 1. Let c(k) = 3*k - 39. Let u be c(16). Suppose -u*o + o = 40. What is z(o)?
-11
Let l(v) = 2*v + 16. Let p(i) = -i - 8. Let d(a) = 3*l(a) + 5*p(a). Let w = -71 - -71. Give d(w).
8
Let w(j) be the third derivative of j**4/8 + 4*j**3/3 - 2*j**2. Let h(o) = o**2 + 10*o - 102. Let c be h(6). Give w(c).
-10
Let f(h) = -h + 9. Suppose -4*b - 6 = -3*b. Let l(s) = -s**3 - 5*s**2 + 9*s + 21. Let r be l(b). Suppose 4*m = r*n + 18, -5*n + 3*n + 4 = 0. Calculate f(m).
3
Suppose -4*p = 4*l - 1592, 3*l - 1318 = -5*p + 664. Let m = 394 - p. Let k(c) be the second derivative of -c**5/20 - c**3/6 - 3*c**2/2 + c. Determine k(m).
-3
Let k(y) be the second derivative of -y**5/60 + y**4/8 + y**3 - 36*y**2 + 13*y - 8. Let n(r) be the first derivative of k(r). Determine n(4).
2
Suppose 44*n = -23*n + 938. Let i(u) = u**3 - 13*u**2 - 9*u - 11. What is i(n)?
59
Let i be ((-13)/(-26))/((-3)/(-36)). Suppose i*k = k. Let v(s) = 14 + 3*s - 15 + k*s**2 + s + s**2. Give v(-6).
11
Let l(b) = 5*b**3 + 181*b**2 - 40*b - 1476. Let z(v) = v**3 + 36*v**2 - 8*v - 293. Let w(j) = 2*l(j) - 11*z(j). Determine w(-34).
-1
Suppose 3*t - 3*m = 0, 0*m + 3*m = 6. Let q(d) = -t*d**3 + 54*d**2 - 61*d**2 - 5 + d**3. Let k = 12 - 19. What is q(k)?
-5
Let a(x) = -x**2 - 3*x + 1. Let l be 1564/(-69) + (-4)/(-6). Let s = 19 + l. Let q be a(s). Let r(p) = -14*p. Calculate r(q).
-14
Let w(g) be the second derivative of -g**4/6 + g**3/6 + g**2 + 51744*g. Let b = -1 - -1. Let z = b + -2. Determine w(z).
-8
Let p(k) be the second derivative of -k**6/90 + 17*k**4/6 + 94*k - 1. Let x(j) be the third derivative of p(j). What is x(4)?
-32
Let n(u) = -3*u**3 - 3*u**2 - 9*u + 1. Let w(h) = -10*h**3 - 10*h**2 - 32*h + 4. Let r(p) = 14*n(p) - 4*w(p). Calculate r(2).
-22
Let d(c) be the second derivative of 0*c**2 + 0*c**5 + 1/90*c**6 + 0 - 8*c + 1/4*c**4 + 0*c**3. Let u(w) be the third derivative of d(w). Give u(-2).
-16
Suppose -43*o + 846 = 51*o. Let n(k) be the third derivative of -k**4/12 + 8*k**3/3 + 12*k**2. Give n(o).
-2
Suppose -t + 3*m = -9, 5*t - 1 = t + 5*m. Let k(d) be the third derivative of -d**4/8 - 5*d**3/6 - 2113*d**2 + 2. What is k(t)?
13
Let n(t) = -3*t + 1. Suppose -16 = -18*s + 20. Suppose 0 = -5*w - 5, 2*h - 5*w = 4*h + 5. Suppose s*g + 6 = -2*o, -2*g + 3*o + 19 = -h*g. Calculate n(g).
-5
Let p(r) be the first derivative of 2*r**3/3 - 3*r**2/2 + r + 185. Let w(a) = -8*a**2 + 8*a - 3. Let u(x) = -8*p(x) - 3*w(x). Calculate u(-1).
9
Let i(v) = -76539 - 76568 - 20*v + 153149. Determine i(2).
2
Let g(a) be the first derivative of -1/12*a**4 + 0*a - 1/6*a**3 - 27/2*a**2 - 46. Let j(m) be the second derivative of g(m). Determine j(1).
-3
Let j = 4 - 3. Let m(p) = -11*p - 11. Let w(l) = 8*l + 7. Let z(k) = -k**3 + 35*k**2 + 41*k - 188. Let o be z(36). Let y(v) = o*w(v) - 5*m(v). What is y(j)?
-10
Let c(u) be the first derivative of u**3/3 - u**2/2 - 5*u - 64. Let g(h) = 3*h + 9. Let k be g(-3). What is c(k)?
-5
Let y(q) = -q**2 - 2*q - 1. Let d(k) = -2*k**2 - 5*k - 2. Suppose -5*c = -3*f - 2*c + 12, -4*c = 3*f - 26. Let r(u) = f*d(u) - 13*y(u). Give r(5).
6
Let b(h) = h**2 - 29*h - 12. Let c(s) = -s**2 + 10*s. Let f(z) = b(z) + 2*c(z). What is f(-6)?
6
Suppose 4*m - 99 = 13*m. Let d = 13 + m. Suppose 5*b - 4*g = -21, d*b = -2*b + 4*g - 20. Let o(c) = 3*c**2 - c. Determine o(b).
4
Let z(j) = -630*j - 1 - 8 + 2 + 633*j - j**2. Give z(8).
-4